 the highest common divisor of 56 and i?
56
Suppose 127997 + 209683 = 72*l. Calculate the greatest common factor of l and 70.
70
Let t(m) = 2*m**2 + m + 10. Let r be t(-4). Suppose -2*j + 127 = -5*s, 0 = 8*s - 3*s - 25. Calculate the greatest common divisor of r and j.
38
Suppose 180 = -35*l + 5*l. Let v be (8/(-1))/(l/9). What is the greatest common divisor of v and 6?
6
Let q be 68/28 + 9/(-21). Suppose -78 = -l + 2*p - 5*p, 5*l = q*p + 339. Calculate the greatest common divisor of 621 and l.
69
Let r(l) = 3*l - 21. Let c be r(8). Suppose 5*p = -5*q + 945, -p = -c*q - 50 - 143. Calculate the greatest common factor of p and 30.
10
Suppose 0 = 2*r + 8, -r + 959 = 5*c + 13. Suppose 2*i - 154 = -2*m, 0*i - 2*i - 3*m + 155 = 0. Calculate the greatest common factor of i and c.
38
Let z(t) = -t**3 - 7*t**2 + 252*t + 1787. Let o be z(-7). What is the greatest common divisor of o and 7084?
23
Let x be 92280/210 + 1 + 8/14. Let f = -10 - -199. Calculate the greatest common divisor of x and f.
63
Let x = -3342 + 4366. Calculate the greatest common divisor of 192 and x.
64
Let d = -25 + 50. Let y be -4*((-330)/d)/((-8)/(-25)). Suppose y = 4*n + 2*m - 3, 3*n - 2*m - 140 = 0. Calculate the highest common factor of n and 44.
44
Let l(y) = 6*y**2 - 4*y + 17. Let g be l(5). Let v = -114 + g. What is the highest common factor of v and 22?
11
Suppose 3*b = -b + 756. Let q(a) = -a**3 - 122*a**2 + 542*a + 4851. Let t be q(-126). What is the greatest common factor of b and t?
63
Suppose 4*f - 124 = -4*n, -4*f - 139 = -5*n - 5*f. Let x be (75/105 + -1)*(-190 + 1). What is the greatest common divisor of x and n?
27
Let b(s) be the first derivative of s**2 + 40*s + 19. Let w be b(0). Suppose 5*h - 8*h = -48. Calculate the highest common divisor of h and w.
8
Suppose 0 = -13*v + 9*v + 12, 2*h = 4*v + 640. Let f = 328 - h. Calculate the greatest common divisor of f and 58.
2
Let g(u) = 3*u - 15. Let h be g(7). Let v(a) = -a**2 + 25*a + 9. Let f be v(26). Let k be 2 - f*(h + -4). What is the greatest common factor of k and 54?
18
Suppose 0 = -2*o + 30. Let q(b) = -16*b + 918. Let f be q(57). What is the highest common divisor of o and f?
3
Let r(p) = p**2 - 7*p + 52. Suppose -6*b + 247 = 211. Let l be r(b). What is the greatest common factor of l and 253?
23
Suppose -2*s + 4 = 5*z - 23, -s - z + 9 = 0. Suppose 3*h - 11 = 115. Calculate the greatest common factor of s and h.
6
Let b(n) = -n**2 + 18*n - 35. Let h be b(15). Suppose o + o = h. Let r be o/2*22/11. What is the greatest common divisor of r and 5?
5
Suppose -15*x = -13*x - 166. Let y = x + -81. What is the highest common factor of y and 8?
2
Let d(i) = i**3 + i**2 + 299. Suppose -6*r = -8*r + 10. Suppose -r*s = -2*s - s. Let v be d(s). What is the highest common divisor of 23 and v?
23
Let f = -6863 - -6901. Calculate the highest common factor of f and 2774.
38
Let o = -1 - -1. Let g = -603 + 738. Let u = g - o. Calculate the highest common divisor of 15 and u.
15
Suppose -5*u + 3179 = x, 0 = 213*x - 217*x - u + 12583. Calculate the greatest common divisor of 30 and x.
6
Let r = 1300 - 1021. What is the highest common divisor of 108 and r?
9
Let s = 0 + 2. Suppose 19 = -2*x + 27. Suppose -x*o - 25 + 41 = 0. Calculate the greatest common factor of o and s.
2
Let d be -1328*(-102)/42 - (-1)/(-7). Calculate the greatest common divisor of 129 and d.
129
Let g be ((-28)/21 + -8)/(8/(-12)). Suppose -2 + 8 = -a. Let b = a - -27. Calculate the highest common divisor of b and g.
7
Let u = -24198 + 24420. Calculate the greatest common divisor of 14097 and u.
111
Suppose 563*f - 32 = 559*f. Calculate the greatest common factor of 102 and f.
2
Suppose 1619*k = 1602*k + 510. Let v(b) = b - 1. Let u be v(7). Let p be (u + -2)*(-6)/(-4). Calculate the highest common divisor of k and p.
6
Suppose -d = -3*c + 24 + 419, 0 = 3*d + 15. What is the highest common factor of 16 and c?
2
Suppose -3*d - 20*l = 30, 38 - 14 = d + l. Calculate the highest common factor of d and 430.
10
Suppose -4*u + 4*i + 116 = 0, 0 = 5*u - 8*u + 5*i + 89. Calculate the greatest common factor of u and 553.
7
Let f(d) = 233*d**2 + 91*d + 180. Let y be f(-2). Calculate the greatest common factor of 80 and y.
10
Let z = -24 + 22. Let s(q) = 5*q**2 + 3*q + 4. Let t be s(z). Suppose -2*d - 386 = -3*j, 226 + 168 = 3*j - 4*d. Calculate the greatest common factor of t and j.
18
Let t(b) = -577*b + 2338. Let h be t(4). What is the highest common factor of 1335 and h?
15
Suppose -52*r + 98*r - 1117984 = 0. Calculate the greatest common divisor of 124 and r.
124
Let o = 2 + 0. Let p = 22 - o. Let t = -1603 - -1693. What is the greatest common divisor of t and p?
10
Let y be 0 - 0*(-2)/(-10). Suppose y = 6*w - 13*w + 112. Suppose 26 = -5*f + 36. Calculate the highest common factor of f and w.
2
Let l be 611*(-60)/1365*(-518)/2. Calculate the highest common factor of l and 259.
37
Suppose -4592*g + 4607*g - 765 = 0. Calculate the greatest common divisor of g and 136.
17
Let i be (-25)/(-4) - 30/120. Let b(w) = w**3 - 6*w**2 + 4*w - 3. Let s be b(i). Suppose -7*z + 105 = -2*z. Calculate the greatest common divisor of s and z.
21
Let d be (7*(-112)/(-490))/(4/320). Calculate the highest common divisor of d and 544.
32
Suppose 3*y = -2*k + k + 227, -4*k - 324 = -4*y. Let n = 90 + -165. Let p = 82 + n. Calculate the highest common divisor of p and y.
7
Let y be (-2)/8 + (-11535)/(-60). Suppose 9*f - l + 172 = 11*f, y = 2*f - 4*l. What is the greatest common divisor of f and 24?
8
Let x be (-48)/5*(-44750)/1074. What is the highest common factor of 592 and x?
16
Let y(a) = -a**2 + a. Let x be y(1). Suppose 0*u - 5*u + 25 = x. What is the highest common factor of u and 80?
5
Suppose 27*a + 14515 = -36*a + 206791. Calculate the greatest common factor of 224 and a.
28
Suppose 2*h - 2*s = s - 10, 5*s + 26 = -2*h. Let u(v) = v**2 + 6*v - 6. Let o be u(h). Calculate the highest common divisor of 8 and o.
2
Let p be 11/((-1650)/12) - 466214/(-175). Calculate the greatest common factor of p and 12.
12
Let a = 6 + 9. Let z(w) = -2*w**2 + 34*w - 12. Let r be z(a). Let f = r - 33. What is the greatest common factor of 120 and f?
15
Suppose -1866 = -14*z - 186. What is the highest common divisor of z and 35?
5
Let z be (-1134)/(-252) + (-69182)/(-4). What is the highest common divisor of 20 and z?
20
Suppose 7 = 9*o - 11. Suppose -20 = -3*a - o. Let b(f) = -f**2 + 10*f - 10. Let u be b(a). What is the greatest common divisor of u and 112?
14
Let c = -333 - -552. Suppose 4*x - 5*h = c, 5 - 1 = 4*h. Calculate the highest common factor of 392 and x.
56
Suppose 234 + 155 = 59*b + 35. Let n be 0 + 6/(-3) - -134. Suppose 5*p - n = 3*p. Calculate the greatest common divisor of b and p.
6
Let v(a) = 2220 + 15*a - 738 - 736 - 734. Let f = 15 + -8. Let m be v(f). Calculate the highest common factor of 13 and m.
13
Let s(g) = g**3 + 7*g**2 - 455*g + 55. Let u be s(-25). Calculate the highest common divisor of 27 and u.
9
Suppose -3*c = -5*t - 34354, -t + 14427 + 42839 = 5*c. What is the greatest common factor of 52 and c?
13
Suppose 6*w = w - 0*w. Suppose 2*i + w*i = 42. Suppose 19*d = i*d - 42. What is the highest common divisor of 168 and d?
21
Suppose 0*q = -q + 6. Suppose 28 = q*b + 10. Suppose 15 = 3*s, -b*r + 0*r = -5*s - 83. Calculate the greatest common divisor of 180 and r.
36
Suppose 4*d - t - 203 = 0, -99 = d - 3*d + t. Suppose -d = -8*j + 332. What is the greatest common factor of j and 36?
12
Suppose 18 + 102 = -8*p. Let u be 9*5/p - -1*52. Let s = u - -103. Calculate the greatest common factor of 19 and s.
19
Suppose 5*j + 140 = -19*i + 24*i, i + 112 = -4*j. Let c be (-44)/(0 + -11) - j/1. What is the highest common factor of 48 and c?
16
Let w be 3/4 + (-645)/172. Let r(o) = 2*o**2 + 14*o + 37. Let t be r(w). What is the highest common divisor of 637 and t?
13
Suppose 24*h - 6012 - 3204 = 0. What is the greatest common divisor of 744 and h?
24
Let f = 20471 + -20443. Suppose 2 = 2*q - 5*b - 1, 4*q + 5*b = 21. Calculate the highest common divisor of q and f.
4
Let v = -16495 - -16573. Calculate the highest common factor of 7878 and v.
78
Suppose 42*t - 1646 = -134. Calculate the greatest common divisor of t and 4716.
36
Let p be (-18)/63 + (-24)/14 - -246. Suppose -p*k - 264